{"id":231,"date":"2023-12-01T14:29:13","date_gmt":"2023-12-01T14:29:13","guid":{"rendered":"https:\/\/galeriasztukiptneur.pl\/?page_id=231"},"modified":"2023-12-01T14:29:13","modified_gmt":"2023-12-01T14:29:13","slug":"czarne-maki-janinie-maj-pielegniarce-ktora-przegrala-walke-z-covid-19","status":"publish","type":"page","link":"https:\/\/galeriasztukiptneur.pl\/index.php\/czarne-maki-janinie-maj-pielegniarce-ktora-przegrala-walke-z-covid-19\/","title":{"rendered":"Czarne maki, Janinie Maj, piel\u0119gniarce, kt\u00f3ra przegra\u0142a walk\u0119 z Covid-19"},"content":{"rendered":"\n<main class=\"wp-block-group is-layout-flow wp-block-group-is-layout-flow\" style=\"padding-top:var(--wp--preset--spacing--50);padding-bottom:0\">\n<div class=\"wp-block-cover alignfull is-light\" style=\"min-height:645px\"><span aria-hidden=\"true\" class=\"wp-block-cover__background has-background-dim-0 has-background-dim\"><\/span><img fetchpriority=\"high\" decoding=\"async\" width=\"1101\" height=\"1004\" class=\"wp-block-cover__image-background wp-image-10\" alt=\"\" src=\"https:\/\/galeriasztukiptneur.pl\/wp-content\/uploads\/2023\/11\/cropped-Autoportet.jpg\" style=\"object-position:46% 19%\" data-object-fit=\"cover\" data-object-position=\"46% 19%\" srcset=\"https:\/\/galeriasztukiptneur.pl\/wp-content\/uploads\/2023\/11\/cropped-Autoportet.jpg 1101w, https:\/\/galeriasztukiptneur.pl\/wp-content\/uploads\/2023\/11\/cropped-Autoportet-300x274.jpg 300w, https:\/\/galeriasztukiptneur.pl\/wp-content\/uploads\/2023\/11\/cropped-Autoportet-1024x934.jpg 1024w, https:\/\/galeriasztukiptneur.pl\/wp-content\/uploads\/2023\/11\/cropped-Autoportet-768x700.jpg 768w, https:\/\/galeriasztukiptneur.pl\/wp-content\/uploads\/2023\/11\/cropped-Autoportet-850x775.jpg 850w\" sizes=\"(max-width: 1101px) 100vw, 1101px\" \/><div class=\"wp-block-cover__inner-container is-layout-flow wp-block-cover-is-layout-flow\">\n<h2 class=\"wp-block-heading has-text-align-center has-bright-color has-text-color has-link-color wp-elements-a431ec930cbe8d7f13874133c93f4505\" style=\"padding-top:0;padding-right:8.7rem;padding-bottom:0;padding-left:8.7rem;font-size:clamp(1.092rem, 1.092rem + ((1vw - 0.2rem) * 1.105), 1.7rem);\">Wirtualna Galeria Sztuki Polskiego Towarzystwa Neuropsychologicznego imienia Profesor Marii P\u0105chalskiej<\/h2>\n<\/div><\/div>\n\n\n\n<div class=\"wp-block-group has-global-padding is-layout-constrained wp-container-core-group-layout-3 wp-block-group-is-layout-constrained\" style=\"padding-top:var(--wp--preset--spacing--60)\">\n<div class=\"wp-block-columns alignwide is-layout-flex wp-container-core-columns-layout-1 wp-block-columns-is-layout-flex\" style=\"padding-bottom:var(--wp--preset--spacing--70)\">\n<div class=\"wp-block-column is-layout-flow wp-block-column-is-layout-flow\" style=\"flex-basis:23.81%\">\n<div class=\"wp-block-group has-background has-global-padding is-layout-constrained wp-container-core-group-layout-1 wp-block-group-is-layout-constrained\" style=\"background-color:#dedede;padding-top:var(--wp--preset--spacing--60);padding-right:0;padding-bottom:var(--wp--preset--spacing--60);padding-left:0\">\n<p class=\"has-text-align-center has-small-font-size\"><strong><a href=\"http:\/\/prof-zw-dr-hab-maria-pachalska\"><strong>Prof. zw. dr hab. Maria P\u0105chalsk<\/strong>a<\/a><\/strong><\/p>\n<\/div>\n\n\n\n<div class=\"wp-block-group has-background has-global-padding is-layout-constrained wp-container-core-group-layout-2 wp-block-group-is-layout-constrained\" style=\"background-color:#dedede;padding-top:var(--wp--preset--spacing--60);padding-right:var(--wp--preset--spacing--60);padding-bottom:var(--wp--preset--spacing--60);padding-left:var(--wp--preset--spacing--60)\">\n<figure class=\"wp-block-image size-full\"><img decoding=\"async\" width=\"648\" height=\"772\" src=\"https:\/\/galeriasztukiptneur.pl\/wp-content\/uploads\/2023\/11\/Zrzut-ekranu-2023-12-1-o-00.21.08.png\" alt=\"\" class=\"wp-image-15\" srcset=\"https:\/\/galeriasztukiptneur.pl\/wp-content\/uploads\/2023\/11\/Zrzut-ekranu-2023-12-1-o-00.21.08.png 648w, https:\/\/galeriasztukiptneur.pl\/wp-content\/uploads\/2023\/11\/Zrzut-ekranu-2023-12-1-o-00.21.08-252x300.png 252w\" sizes=\"(max-width: 648px) 100vw, 648px\" \/><\/figure>\n\n\n\n<p style=\"margin-top:0;margin-right:0;margin-bottom:0;margin-left:0;padding-right:0;padding-left:0;font-size:clamp(14px, 0.875rem + ((1vw - 3.2px) * 0.227), 16px);\"><br><\/p>\n<\/div>\n<\/div>\n\n\n\n<div class=\"wp-block-column has-bright-color has-cyan-bluish-gray-background-color has-text-color has-background has-link-color wp-elements-efb0182a14016845b5f9cfc92bc24273 is-layout-flow wp-container-core-column-layout-2 wp-block-column-is-layout-flow\" style=\"flex-basis:70%\">\n<p><\/p>\n\n\n\n<p>                       Czarne maki<\/p>\n\n\n\n<p style=\"font-size:clamp(14px, 0.875rem + ((1vw - 3.2px) * 0.114), 15px);\"><em>                      Janinie Maj, piel\u0119gniarce, kt\u00f3ra przegra\u0142a walk\u0119 z Covid-19<\/em><\/p>\n\n\n\n<div class=\"wp-block-media-text has-media-on-the-right is-stacked-on-mobile is-vertically-aligned-top\" style=\"padding-right:var(--wp--preset--spacing--40);padding-left:var(--wp--preset--spacing--40);grid-template-columns:auto 45%\"><div class=\"wp-block-media-text__content\">\n<p>Wiosna na ramiona spad\u0142a<br>wachlarzem mak\u00f3w<br>czarnych<br>&nbsp;<br>Wok\u00f3\u0142 p\u0142ytkie oddechy<br>jak kr\u0119gi w ka\u0142u\u017cy<br>ciemniej\u0105<br>&nbsp;<br>Na czole skrapla si\u0119 pot<br>spieczone wargi<br>co\u015b szepcz\u0105<br>&nbsp;<br>Biega anio\u0142 mi\u0119dzy salami<br>cierpi\u0105cym przywraca nadziej\u0119<br>ciep\u0142ym u\u015bmiechem<br>&nbsp;<br>Gdzie si\u0119 podzia\u0142o powietrze<br>czemu smyczkiem l\u0119ku gra w uszach<br>pusta struna<\/p>\n\n\n\n<p>Z kt\u00f3rej to \u017cy\u0142y<br>wys\u0105czono dzisiaj<br>t\u0119 zaraz\u0119<\/p>\n<\/div><figure class=\"wp-block-media-text__media\"><img decoding=\"async\" width=\"332\" height=\"662\" src=\"https:\/\/galeriasztukiptneur.pl\/wp-content\/uploads\/2023\/12\/Zrzut-ekranu-2023-12-1-o-15.22.07.png\" alt=\"\" class=\"wp-image-232 size-full\" srcset=\"https:\/\/galeriasztukiptneur.pl\/wp-content\/uploads\/2023\/12\/Zrzut-ekranu-2023-12-1-o-15.22.07.png 332w, https:\/\/galeriasztukiptneur.pl\/wp-content\/uploads\/2023\/12\/Zrzut-ekranu-2023-12-1-o-15.22.07-150x300.png 150w\" sizes=\"(max-width: 332px) 100vw, 332px\" \/><\/figure><\/div>\n\n\n\n<div class=\"wp-block-media-text has-media-on-the-right is-stacked-on-mobile\" style=\"padding-right:var(--wp--preset--spacing--20);padding-left:var(--wp--preset--spacing--20)\"><div class=\"wp-block-media-text__content\">\n<p>Kt\u00f3ra z wiosennych chwil<br>w burzliw\u0105 noc zamkn\u0119\u0142a<br>twoje marzenia<\/p>\n\n\n\n<p><br>Z kt\u00f3rej to symfonii<br>oderwano t\u0119 \u017ca\u0142obn\u0105<br>nut\u0119<br>&nbsp;<br>Cho\u0107 ta \u015bmier\u0107 tak niedorzeczna<br>to twoje \u017cycie mia\u0142o<br>Wielki Sens<br>&nbsp;<br>Tam na ob\u0142oku hen<br>niech ci\u0119 wieczysty sen<br>prowadzi w jasno\u015b\u0107<\/p>\n<\/div><figure class=\"wp-block-media-text__media\"><img loading=\"lazy\" decoding=\"async\" width=\"392\" height=\"576\" src=\"https:\/\/galeriasztukiptneur.pl\/wp-content\/uploads\/2023\/12\/Zrzut-ekranu-2023-12-1-o-15.24.23-1.png\" alt=\"\" class=\"wp-image-234 size-full\" srcset=\"https:\/\/galeriasztukiptneur.pl\/wp-content\/uploads\/2023\/12\/Zrzut-ekranu-2023-12-1-o-15.24.23-1.png 392w, https:\/\/galeriasztukiptneur.pl\/wp-content\/uploads\/2023\/12\/Zrzut-ekranu-2023-12-1-o-15.24.23-1-204x300.png 204w\" sizes=\"(max-width: 392px) 100vw, 392px\" \/><\/figure><\/div>\n\n\n\n<p style=\"padding-right:var(--wp--preset--spacing--40);padding-left:var(--wp--preset--spacing--40)\"><strong>Prof. zw. dr hab. Maria P\u0105chalska<\/strong><\/p>\n\n\n\n<p><\/p>\n<\/div>\n<\/div>\n<\/div>\n<\/main>\n","protected":false},"excerpt":{"rendered":"<p>Prof. zw. dr hab. Maria P\u0105chalska Czarne maki Janinie Maj, piel\u0119gniarce, kt\u00f3ra przegra\u0142a walk\u0119 z Covid-19 Wiosna na ramiona spad\u0142awachlarzem mak\u00f3wczarnych&nbsp;Wok\u00f3\u0142 p\u0142ytkie oddechyjak kr\u0119gi w ka\u0142u\u017cyciemniej\u0105&nbsp;Na czole skrapla si\u0119 potspieczone wargico\u015b szepcz\u0105&nbsp;Biega anio\u0142 mi\u0119dzy salamicierpi\u0105cym przywraca nadziej\u0119ciep\u0142ym u\u015bmiechem&nbsp;Gdzie si\u0119 podzia\u0142o powietrzeczemu smyczkiem l\u0119ku gra w uszachpusta struna Z kt\u00f3rej to \u017cy\u0142ywys\u0105czono dzisiajt\u0119 zaraz\u0119 Kt\u00f3ra z [&hellip;]<\/p>\n","protected":false},"author":1,"featured_media":0,"parent":0,"menu_order":0,"comment_status":"closed","ping_status":"closed","template":"","meta":{"_editorskit_title_hidden":false,"_editorskit_reading_time":0,"_editorskit_is_block_options_detached":false,"_editorskit_block_options_position":"{}","footnotes":""},"_links":{"self":[{"href":"https:\/\/galeriasztukiptneur.pl\/index.php\/wp-json\/wp\/v2\/pages\/231"}],"collection":[{"href":"https:\/\/galeriasztukiptneur.pl\/index.php\/wp-json\/wp\/v2\/pages"}],"about":[{"href":"https:\/\/galeriasztukiptneur.pl\/index.php\/wp-json\/wp\/v2\/types\/page"}],"author":[{"embeddable":true,"href":"https:\/\/galeriasztukiptneur.pl\/index.php\/wp-json\/wp\/v2\/users\/1"}],"replies":[{"embeddable":true,"href":"https:\/\/galeriasztukiptneur.pl\/index.php\/wp-json\/wp\/v2\/comments?post=231"}],"version-history":[{"count":1,"href":"https:\/\/galeriasztukiptneur.pl\/index.php\/wp-json\/wp\/v2\/pages\/231\/revisions"}],"predecessor-version":[{"id":235,"href":"https:\/\/galeriasztukiptneur.pl\/index.php\/wp-json\/wp\/v2\/pages\/231\/revisions\/235"}],"wp:attachment":[{"href":"https:\/\/galeriasztukiptneur.pl\/index.php\/wp-json\/wp\/v2\/media?parent=231"}],"curies":[{"name":"wp","href":"https:\/\/api.w.org\/{rel}","templated":true}]}}

Czarne maki, Janinie Maj, pielęgniarce, która przegrała walkę z Covid-19

<main class="wp-block-group is-layout-flow wp-block-group-is-layout-flow" style="padding-top:var(--wp--preset--spacing--50);padding-bottom:0">
<div class="wp-block-cover alignfull is-light" style="min-height:645px"><span aria-hidden="true" class="wp-block-cover__background has-background-dim-0 has-background-dim"></span><img fetchpriority="high" decoding="async" width="1101" height="1004" class="wp-block-cover__image-background wp-image-10" alt="" src="https://galeriasztukiptneur.pl/wp-content/uploads/2023/11/cropped-Autoportet.jpg" style="object-position:46% 19%" data-object-fit="cover" data-object-position="46% 19%" srcset="https://galeriasztukiptneur.pl/wp-content/uploads/2023/11/cropped-Autoportet.jpg 1101w, https://galeriasztukiptneur.pl/wp-content/uploads/2023/11/cropped-Autoportet-300x274.jpg 300w, https://galeriasztukiptneur.pl/wp-content/uploads/2023/11/cropped-Autoportet-1024x934.jpg 1024w, https://galeriasztukiptneur.pl/wp-content/uploads/2023/11/cropped-Autoportet-768x700.jpg 768w, https://galeriasztukiptneur.pl/wp-content/uploads/2023/11/cropped-Autoportet-850x775.jpg 850w" sizes="(max-width: 1101px) 100vw, 1101px" /><div class="wp-block-cover__inner-container is-layout-flow wp-block-cover-is-layout-flow">
<h2 class="wp-block-heading has-text-align-center has-bright-color has-text-color has-link-color wp-elements-a431ec930cbe8d7f13874133c93f4505" style="padding-top:0;padding-right:8.7rem;padding-bottom:0;padding-left:8.7rem;font-size:clamp(1.092rem, 1.092rem + ((1vw - 0.2rem) * 1.105), 1.7rem);">Wirtualna Galeria Sztuki Polskiego Towarzystwa Neuropsychologicznego imienia Profesor Marii Pąchalskiej</h2>
</div></div>



<div class="wp-block-group has-global-padding is-layout-constrained wp-container-core-group-layout-3 wp-block-group-is-layout-constrained" style="padding-top:var(--wp--preset--spacing--60)">
<div class="wp-block-columns alignwide is-layout-flex wp-container-core-columns-layout-1 wp-block-columns-is-layout-flex" style="padding-bottom:var(--wp--preset--spacing--70)">
<div class="wp-block-column is-layout-flow wp-block-column-is-layout-flow" style="flex-basis:23.81%">
<div class="wp-block-group has-background has-global-padding is-layout-constrained wp-container-core-group-layout-1 wp-block-group-is-layout-constrained" style="background-color:#dedede;padding-top:var(--wp--preset--spacing--60);padding-right:0;padding-bottom:var(--wp--preset--spacing--60);padding-left:0">
<p class="has-text-align-center has-small-font-size"><strong><a href="http://prof-zw-dr-hab-maria-pachalska"><strong>Prof. zw. dr hab. Maria Pąchalsk</strong>a</a></strong></p>
</div>



<div class="wp-block-group has-background has-global-padding is-layout-constrained wp-container-core-group-layout-2 wp-block-group-is-layout-constrained" style="background-color:#dedede;padding-top:var(--wp--preset--spacing--60);padding-right:var(--wp--preset--spacing--60);padding-bottom:var(--wp--preset--spacing--60);padding-left:var(--wp--preset--spacing--60)">
<figure class="wp-block-image size-full"><img decoding="async" width="648" height="772" src="https://galeriasztukiptneur.pl/wp-content/uploads/2023/11/Zrzut-ekranu-2023-12-1-o-00.21.08.png" alt="" class="wp-image-15" srcset="https://galeriasztukiptneur.pl/wp-content/uploads/2023/11/Zrzut-ekranu-2023-12-1-o-00.21.08.png 648w, https://galeriasztukiptneur.pl/wp-content/uploads/2023/11/Zrzut-ekranu-2023-12-1-o-00.21.08-252x300.png 252w" sizes="(max-width: 648px) 100vw, 648px" /></figure>



<p style="margin-top:0;margin-right:0;margin-bottom:0;margin-left:0;padding-right:0;padding-left:0;font-size:clamp(14px, 0.875rem + ((1vw - 3.2px) * 0.227), 16px);"><br></p>
</div>
</div>



<div class="wp-block-column has-bright-color has-cyan-bluish-gray-background-color has-text-color has-background has-link-color wp-elements-efb0182a14016845b5f9cfc92bc24273 is-layout-flow wp-container-core-column-layout-2 wp-block-column-is-layout-flow" style="flex-basis:70%">
<p></p>



<p>                       Czarne maki</p>



<p style="font-size:clamp(14px, 0.875rem + ((1vw - 3.2px) * 0.114), 15px);"><em>                      Janinie Maj, pielęgniarce, która przegrała walkę z Covid-19</em></p>



<div class="wp-block-media-text has-media-on-the-right is-stacked-on-mobile is-vertically-aligned-top" style="padding-right:var(--wp--preset--spacing--40);padding-left:var(--wp--preset--spacing--40);grid-template-columns:auto 45%"><div class="wp-block-media-text__content">
<p>Wiosna na ramiona spadła<br>wachlarzem maków<br>czarnych<br>&nbsp;<br>Wokół płytkie oddechy<br>jak kręgi w kałuży<br>ciemnieją<br>&nbsp;<br>Na czole skrapla się pot<br>spieczone wargi<br>coś szepczą<br>&nbsp;<br>Biega anioł między salami<br>cierpiącym przywraca nadzieję<br>ciepłym uśmiechem<br>&nbsp;<br>Gdzie się podziało powietrze<br>czemu smyczkiem lęku gra w uszach<br>pusta struna</p>



<p>Z której to żyły<br>wysączono dzisiaj<br>tę zarazę</p>
</div><figure class="wp-block-media-text__media"><img decoding="async" width="332" height="662" src="https://galeriasztukiptneur.pl/wp-content/uploads/2023/12/Zrzut-ekranu-2023-12-1-o-15.22.07.png" alt="" class="wp-image-232 size-full" srcset="https://galeriasztukiptneur.pl/wp-content/uploads/2023/12/Zrzut-ekranu-2023-12-1-o-15.22.07.png 332w, https://galeriasztukiptneur.pl/wp-content/uploads/2023/12/Zrzut-ekranu-2023-12-1-o-15.22.07-150x300.png 150w" sizes="(max-width: 332px) 100vw, 332px" /></figure></div>



<div class="wp-block-media-text has-media-on-the-right is-stacked-on-mobile" style="padding-right:var(--wp--preset--spacing--20);padding-left:var(--wp--preset--spacing--20)"><div class="wp-block-media-text__content">
<p>Która z wiosennych chwil<br>w burzliwą noc zamknęła<br>twoje marzenia</p>



<p><br>Z której to symfonii<br>oderwano tę żałobną<br>nutę<br>&nbsp;<br>Choć ta śmierć tak niedorzeczna<br>to twoje życie miało<br>Wielki Sens<br>&nbsp;<br>Tam na obłoku hen<br>niech cię wieczysty sen<br>prowadzi w jasność</p>
</div><figure class="wp-block-media-text__media"><img loading="lazy" decoding="async" width="392" height="576" src="https://galeriasztukiptneur.pl/wp-content/uploads/2023/12/Zrzut-ekranu-2023-12-1-o-15.24.23-1.png" alt="" class="wp-image-234 size-full" srcset="https://galeriasztukiptneur.pl/wp-content/uploads/2023/12/Zrzut-ekranu-2023-12-1-o-15.24.23-1.png 392w, https://galeriasztukiptneur.pl/wp-content/uploads/2023/12/Zrzut-ekranu-2023-12-1-o-15.24.23-1-204x300.png 204w" sizes="(max-width: 392px) 100vw, 392px" /></figure></div>



<p style="padding-right:var(--wp--preset--spacing--40);padding-left:var(--wp--preset--spacing--40)"><strong>Prof. zw. dr hab. Maria Pąchalska</strong></p>



<p></p>
</div>
</div>
</div>
</main>

<p>Prof. zw. dr hab. Maria Pąchalska Czarne maki Janinie Maj, pielęgniarce, która przegrała walkę z Covid-19 Wiosna na ramiona spadławachlarzem makówczarnych&nbsp;Wokół płytkie oddechyjak kręgi w kałużyciemnieją&nbsp;Na czole skrapla się potspieczone wargicoś szepczą&nbsp;Biega anioł między salamicierpiącym przywraca nadziejęciepłym uśmiechem&nbsp;Gdzie się podziało powietrzeczemu smyczkiem lęku gra w uszachpusta struna Z której to żyływysączono dzisiajtę zarazę Która z [&hellip;]</p>
