{"id":223,"date":"2023-12-01T13:53:53","date_gmt":"2023-12-01T13:53:53","guid":{"rendered":"https:\/\/galeriasztukiptneur.pl\/?page_id=223"},"modified":"2023-12-01T14:54:28","modified_gmt":"2023-12-01T14:54:28","slug":"223-2","status":"publish","type":"page","link":"https:\/\/galeriasztukiptneur.pl\/index.php\/223-2\/","title":{"rendered":"Pozosta\u0144 w domu Bezdomnej Kasi"},"content":{"rendered":"\n<main class=\"wp-block-group is-layout-flow wp-block-group-is-layout-flow\" style=\"padding-top:var(--wp--preset--spacing--50);padding-bottom:0\">\n<div class=\"wp-block-cover alignfull is-light\" style=\"min-height:645px\"><span aria-hidden=\"true\" class=\"wp-block-cover__background has-background-dim-0 has-background-dim\"><\/span><img fetchpriority=\"high\" decoding=\"async\" width=\"1101\" height=\"1004\" class=\"wp-block-cover__image-background wp-image-10\" alt=\"\" src=\"https:\/\/galeriasztukiptneur.pl\/wp-content\/uploads\/2023\/11\/cropped-Autoportet.jpg\" style=\"object-position:46% 19%\" data-object-fit=\"cover\" data-object-position=\"46% 19%\" srcset=\"https:\/\/galeriasztukiptneur.pl\/wp-content\/uploads\/2023\/11\/cropped-Autoportet.jpg 1101w, https:\/\/galeriasztukiptneur.pl\/wp-content\/uploads\/2023\/11\/cropped-Autoportet-300x274.jpg 300w, https:\/\/galeriasztukiptneur.pl\/wp-content\/uploads\/2023\/11\/cropped-Autoportet-1024x934.jpg 1024w, https:\/\/galeriasztukiptneur.pl\/wp-content\/uploads\/2023\/11\/cropped-Autoportet-768x700.jpg 768w, https:\/\/galeriasztukiptneur.pl\/wp-content\/uploads\/2023\/11\/cropped-Autoportet-850x775.jpg 850w\" sizes=\"(max-width: 1101px) 100vw, 1101px\" \/><div class=\"wp-block-cover__inner-container is-layout-flow wp-block-cover-is-layout-flow\">\n<h2 class=\"wp-block-heading has-text-align-center has-bright-color has-text-color has-link-color wp-elements-a431ec930cbe8d7f13874133c93f4505\" style=\"padding-top:0;padding-right:8.7rem;padding-bottom:0;padding-left:8.7rem;font-size:clamp(1.092rem, 1.092rem + ((1vw - 0.2rem) * 1.105), 1.7rem);\">Wirtualna Galeria Sztuki Polskiego Towarzystwa Neuropsychologicznego imienia Profesor Marii P\u0105chalskiej<\/h2>\n<\/div><\/div>\n\n\n\n<div class=\"wp-block-group has-global-padding is-layout-constrained wp-container-core-group-layout-3 wp-block-group-is-layout-constrained\" style=\"padding-top:var(--wp--preset--spacing--60)\">\n<div class=\"wp-block-columns alignwide is-layout-flex wp-container-core-columns-layout-1 wp-block-columns-is-layout-flex\" style=\"padding-bottom:var(--wp--preset--spacing--70)\">\n<div class=\"wp-block-column is-layout-flow wp-block-column-is-layout-flow\" style=\"flex-basis:23.81%\">\n<div class=\"wp-block-group has-background has-global-padding is-layout-constrained wp-container-core-group-layout-1 wp-block-group-is-layout-constrained\" style=\"background-color:#dedede;padding-top:var(--wp--preset--spacing--60);padding-right:0;padding-bottom:var(--wp--preset--spacing--60);padding-left:0\">\n<p class=\"has-text-align-center has-small-font-size\"><strong><a href=\"http:\/\/prof-zw-dr-hab-maria-pachalska\"><strong>Prof. zw. dr hab. Maria P\u0105chalsk<\/strong>a<\/a><\/strong><\/p>\n<\/div>\n\n\n\n<div class=\"wp-block-group has-background has-global-padding is-layout-constrained wp-container-core-group-layout-2 wp-block-group-is-layout-constrained\" style=\"background-color:#dedede;padding-top:var(--wp--preset--spacing--60);padding-right:var(--wp--preset--spacing--60);padding-bottom:var(--wp--preset--spacing--60);padding-left:var(--wp--preset--spacing--60)\">\n<figure class=\"wp-block-image size-full\"><img decoding=\"async\" width=\"648\" height=\"772\" src=\"https:\/\/galeriasztukiptneur.pl\/wp-content\/uploads\/2023\/11\/Zrzut-ekranu-2023-12-1-o-00.21.08.png\" alt=\"\" class=\"wp-image-15\" srcset=\"https:\/\/galeriasztukiptneur.pl\/wp-content\/uploads\/2023\/11\/Zrzut-ekranu-2023-12-1-o-00.21.08.png 648w, https:\/\/galeriasztukiptneur.pl\/wp-content\/uploads\/2023\/11\/Zrzut-ekranu-2023-12-1-o-00.21.08-252x300.png 252w\" sizes=\"(max-width: 648px) 100vw, 648px\" \/><\/figure>\n\n\n\n<p style=\"margin-top:0;margin-right:0;margin-bottom:0;margin-left:0;padding-right:0;padding-left:0;font-size:clamp(14px, 0.875rem + ((1vw - 3.2px) * 0.227), 16px);\"><br><\/p>\n<\/div>\n<\/div>\n\n\n\n<div class=\"wp-block-column has-bright-color has-cyan-bluish-gray-background-color has-text-color has-background has-link-color wp-elements-a2051cd237a1d13ef3934d3666eba126 is-layout-flow wp-container-core-column-layout-2 wp-block-column-is-layout-flow\" style=\"flex-basis:70%\">\n<p><\/p>\n\n\n\n<p style=\"margin-right:var(--wp--preset--spacing--50);margin-left:var(--wp--preset--spacing--50)\">                                    Pozosta\u0144 w domu<br>                                           Bezdomnej Kasi<\/p>\n\n\n\n<div class=\"wp-block-media-text has-media-on-the-right is-stacked-on-mobile is-vertically-aligned-top\" style=\"padding-right:var(--wp--preset--spacing--40);padding-left:var(--wp--preset--spacing--40)\"><div class=\"wp-block-media-text__content\">\n<p>Nad miastem wielki Zygmunta Dzwon<br>uderzy\u0142 g\u0142o\u015bn\u0105 skarg\u0105 w niebo,<br>b\u0142agalnie zagrzmia\u0142 jego ton,<br>struchla\u0142y serca go\u0142\u0119biom.<\/p>\n\n\n\n<p><br>G\u0142o\u015bniejszy jednak by\u0142 Kasi szept,<br>kt\u00f3ra ju\u017c do\u015b\u0107 mia\u0142a cierpienia<br>i posz\u0142a w rozpaczy nad rzek\u0119<br>dokona\u0107 rachunku sumienia.<\/p>\n\n\n\n<p><br>Krakowskich ulic dawny gwar<br>w pustyni\u0119 zamieni\u0142 si\u0119 w moment,<br>a bezmiar g\u0142uchej ciszy dar\u0142<br>w\u00f3z policyjny z megafonem.<\/p>\n\n\n\n<p><br>\u201ePozosta\u0144 w domu\u201d \u2013 taki rozkaz,<br>a niepos\u0142usznych kara czeka.<br>Nie ka\u017cdy taki wyb\u00f3r ma,<br>gdy wizja domu jest daleka.<\/p>\n\n\n\n<p><br>Zamkni\u0119te s\u0105 przytu\u0142k\u00f3w drzwi,<br>obiadu te\u017c dzi\u015b nie wydadz\u0105,<br>darczy\u0144cy w domach w takie dni<br>i kupi\u0107 chleba nie ma za co.<\/p>\n\n\n\n<p><br>Nieliczni chc\u0105 w ten trudny czas<br>da\u0107 bezdomnemu co\u015b do jedzenia,<br>lecz wyci\u0105gni\u0119tych r\u0105k jest las,<br>a jeden obiad nic nie zmienia.<\/p>\n\n\n\n<p><br>Kasia k\u0119s bu\u0142ki ju\u017c zjad\u0142a dzi\u015b,<br>bo si\u0119 znalaz\u0142a w dobrym miejscu.<br>W godzinie pr\u00f3by jasna my\u015bl:<br>trzeba zaufa\u0107 cz\u0142owiecze\u0144stwu.<\/p>\n\n\n\n<p><br>Ta kropla w morzu \u2013 ma\u0142y gest<br>Anio\u0142a Str\u00f3\u017ca, co zawa\u017cy\u0142,<br>\u017ce biedny cz\u0142owiek wci\u0105\u017c tu jest,<br>a czyn tragiczny si\u0119 nie zdarzy\u0142.<\/p>\n\n\n\n<p class=\"has-text-align-center has-vivid-red-color has-text-color has-link-color wp-elements-a0eceae7e9ff332d6e794884081884be\">Pandemia, najgorszy czas dla bezdomnych. Pom\u00f3\u017cmy im.<\/p>\n\n\n\n<p class=\"has-text-align-center has-bright-color has-text-color has-link-color wp-elements-e0a74c05bf82e4b3d677635ac625735f\"><br>Maria Marzena P\u0105chalska, 24 marca 2020<\/p>\n\n\n\n<p><\/p>\n<\/div><figure class=\"wp-block-media-text__media\"><img decoding=\"async\" width=\"536\" height=\"718\" src=\"https:\/\/galeriasztukiptneur.pl\/wp-content\/uploads\/2023\/12\/Zrzut-ekranu-2023-12-1-o-14.47.12.png\" alt=\"\n\" class=\"wp-image-224 size-full\" srcset=\"https:\/\/galeriasztukiptneur.pl\/wp-content\/uploads\/2023\/12\/Zrzut-ekranu-2023-12-1-o-14.47.12.png 536w, https:\/\/galeriasztukiptneur.pl\/wp-content\/uploads\/2023\/12\/Zrzut-ekranu-2023-12-1-o-14.47.12-224x300.png 224w\" sizes=\"(max-width: 536px) 100vw, 536px\" \/><\/figure><\/div>\n<\/div>\n<\/div>\n<\/div>\n<\/main>\n","protected":false},"excerpt":{"rendered":"<p>Prof. zw. dr hab. Maria P\u0105chalska Pozosta\u0144 w domu Bezdomnej Kasi Nad miastem wielki Zygmunta Dzwonuderzy\u0142 g\u0142o\u015bn\u0105 skarg\u0105 w niebo,b\u0142agalnie zagrzmia\u0142 jego ton,struchla\u0142y serca go\u0142\u0119biom. G\u0142o\u015bniejszy jednak by\u0142 Kasi szept,kt\u00f3ra ju\u017c do\u015b\u0107 mia\u0142a cierpieniai posz\u0142a w rozpaczy nad rzek\u0119dokona\u0107 rachunku sumienia. Krakowskich ulic dawny gwarw pustyni\u0119 zamieni\u0142 si\u0119 w moment,a bezmiar g\u0142uchej ciszy dar\u0142w\u00f3z policyjny [&hellip;]<\/p>\n","protected":false},"author":1,"featured_media":0,"parent":0,"menu_order":0,"comment_status":"closed","ping_status":"closed","template":"","meta":{"_editorskit_title_hidden":false,"_editorskit_reading_time":0,"_editorskit_is_block_options_detached":false,"_editorskit_block_options_position":"{}","footnotes":""},"_links":{"self":[{"href":"https:\/\/galeriasztukiptneur.pl\/index.php\/wp-json\/wp\/v2\/pages\/223"}],"collection":[{"href":"https:\/\/galeriasztukiptneur.pl\/index.php\/wp-json\/wp\/v2\/pages"}],"about":[{"href":"https:\/\/galeriasztukiptneur.pl\/index.php\/wp-json\/wp\/v2\/types\/page"}],"author":[{"embeddable":true,"href":"https:\/\/galeriasztukiptneur.pl\/index.php\/wp-json\/wp\/v2\/users\/1"}],"replies":[{"embeddable":true,"href":"https:\/\/galeriasztukiptneur.pl\/index.php\/wp-json\/wp\/v2\/comments?post=223"}],"version-history":[{"count":6,"href":"https:\/\/galeriasztukiptneur.pl\/index.php\/wp-json\/wp\/v2\/pages\/223\/revisions"}],"predecessor-version":[{"id":252,"href":"https:\/\/galeriasztukiptneur.pl\/index.php\/wp-json\/wp\/v2\/pages\/223\/revisions\/252"}],"wp:attachment":[{"href":"https:\/\/galeriasztukiptneur.pl\/index.php\/wp-json\/wp\/v2\/media?parent=223"}],"curies":[{"name":"wp","href":"https:\/\/api.w.org\/{rel}","templated":true}]}}

Pozostań w domu Bezdomnej Kasi

<main class="wp-block-group is-layout-flow wp-block-group-is-layout-flow" style="padding-top:var(--wp--preset--spacing--50);padding-bottom:0">
<div class="wp-block-cover alignfull is-light" style="min-height:645px"><span aria-hidden="true" class="wp-block-cover__background has-background-dim-0 has-background-dim"></span><img fetchpriority="high" decoding="async" width="1101" height="1004" class="wp-block-cover__image-background wp-image-10" alt="" src="https://galeriasztukiptneur.pl/wp-content/uploads/2023/11/cropped-Autoportet.jpg" style="object-position:46% 19%" data-object-fit="cover" data-object-position="46% 19%" srcset="https://galeriasztukiptneur.pl/wp-content/uploads/2023/11/cropped-Autoportet.jpg 1101w, https://galeriasztukiptneur.pl/wp-content/uploads/2023/11/cropped-Autoportet-300x274.jpg 300w, https://galeriasztukiptneur.pl/wp-content/uploads/2023/11/cropped-Autoportet-1024x934.jpg 1024w, https://galeriasztukiptneur.pl/wp-content/uploads/2023/11/cropped-Autoportet-768x700.jpg 768w, https://galeriasztukiptneur.pl/wp-content/uploads/2023/11/cropped-Autoportet-850x775.jpg 850w" sizes="(max-width: 1101px) 100vw, 1101px" /><div class="wp-block-cover__inner-container is-layout-flow wp-block-cover-is-layout-flow">
<h2 class="wp-block-heading has-text-align-center has-bright-color has-text-color has-link-color wp-elements-a431ec930cbe8d7f13874133c93f4505" style="padding-top:0;padding-right:8.7rem;padding-bottom:0;padding-left:8.7rem;font-size:clamp(1.092rem, 1.092rem + ((1vw - 0.2rem) * 1.105), 1.7rem);">Wirtualna Galeria Sztuki Polskiego Towarzystwa Neuropsychologicznego imienia Profesor Marii Pąchalskiej</h2>
</div></div>



<div class="wp-block-group has-global-padding is-layout-constrained wp-container-core-group-layout-3 wp-block-group-is-layout-constrained" style="padding-top:var(--wp--preset--spacing--60)">
<div class="wp-block-columns alignwide is-layout-flex wp-container-core-columns-layout-1 wp-block-columns-is-layout-flex" style="padding-bottom:var(--wp--preset--spacing--70)">
<div class="wp-block-column is-layout-flow wp-block-column-is-layout-flow" style="flex-basis:23.81%">
<div class="wp-block-group has-background has-global-padding is-layout-constrained wp-container-core-group-layout-1 wp-block-group-is-layout-constrained" style="background-color:#dedede;padding-top:var(--wp--preset--spacing--60);padding-right:0;padding-bottom:var(--wp--preset--spacing--60);padding-left:0">
<p class="has-text-align-center has-small-font-size"><strong><a href="http://prof-zw-dr-hab-maria-pachalska"><strong>Prof. zw. dr hab. Maria Pąchalsk</strong>a</a></strong></p>
</div>



<div class="wp-block-group has-background has-global-padding is-layout-constrained wp-container-core-group-layout-2 wp-block-group-is-layout-constrained" style="background-color:#dedede;padding-top:var(--wp--preset--spacing--60);padding-right:var(--wp--preset--spacing--60);padding-bottom:var(--wp--preset--spacing--60);padding-left:var(--wp--preset--spacing--60)">
<figure class="wp-block-image size-full"><img decoding="async" width="648" height="772" src="https://galeriasztukiptneur.pl/wp-content/uploads/2023/11/Zrzut-ekranu-2023-12-1-o-00.21.08.png" alt="" class="wp-image-15" srcset="https://galeriasztukiptneur.pl/wp-content/uploads/2023/11/Zrzut-ekranu-2023-12-1-o-00.21.08.png 648w, https://galeriasztukiptneur.pl/wp-content/uploads/2023/11/Zrzut-ekranu-2023-12-1-o-00.21.08-252x300.png 252w" sizes="(max-width: 648px) 100vw, 648px" /></figure>



<p style="margin-top:0;margin-right:0;margin-bottom:0;margin-left:0;padding-right:0;padding-left:0;font-size:clamp(14px, 0.875rem + ((1vw - 3.2px) * 0.227), 16px);"><br></p>
</div>
</div>



<div class="wp-block-column has-bright-color has-cyan-bluish-gray-background-color has-text-color has-background has-link-color wp-elements-a2051cd237a1d13ef3934d3666eba126 is-layout-flow wp-container-core-column-layout-2 wp-block-column-is-layout-flow" style="flex-basis:70%">
<p></p>



<p style="margin-right:var(--wp--preset--spacing--50);margin-left:var(--wp--preset--spacing--50)">                                    Pozostań w domu<br>                                           Bezdomnej Kasi</p>



<div class="wp-block-media-text has-media-on-the-right is-stacked-on-mobile is-vertically-aligned-top" style="padding-right:var(--wp--preset--spacing--40);padding-left:var(--wp--preset--spacing--40)"><div class="wp-block-media-text__content">
<p>Nad miastem wielki Zygmunta Dzwon<br>uderzył głośną skargą w niebo,<br>błagalnie zagrzmiał jego ton,<br>struchlały serca gołębiom.</p>



<p><br>Głośniejszy jednak był Kasi szept,<br>która już dość miała cierpienia<br>i poszła w rozpaczy nad rzekę<br>dokonać rachunku sumienia.</p>



<p><br>Krakowskich ulic dawny gwar<br>w pustynię zamienił się w moment,<br>a bezmiar głuchej ciszy darł<br>wóz policyjny z megafonem.</p>



<p><br>„Pozostań w domu” – taki rozkaz,<br>a nieposłusznych kara czeka.<br>Nie każdy taki wybór ma,<br>gdy wizja domu jest daleka.</p>



<p><br>Zamknięte są przytułków drzwi,<br>obiadu też dziś nie wydadzą,<br>darczyńcy w domach w takie dni<br>i kupić chleba nie ma za co.</p>



<p><br>Nieliczni chcą w ten trudny czas<br>dać bezdomnemu coś do jedzenia,<br>lecz wyciągniętych rąk jest las,<br>a jeden obiad nic nie zmienia.</p>



<p><br>Kasia kęs bułki już zjadła dziś,<br>bo się znalazła w dobrym miejscu.<br>W godzinie próby jasna myśl:<br>trzeba zaufać człowieczeństwu.</p>



<p><br>Ta kropla w morzu – mały gest<br>Anioła Stróża, co zaważył,<br>że biedny człowiek wciąż tu jest,<br>a czyn tragiczny się nie zdarzył.</p>



<p class="has-text-align-center has-vivid-red-color has-text-color has-link-color wp-elements-a0eceae7e9ff332d6e794884081884be">Pandemia, najgorszy czas dla bezdomnych. Pomóżmy im.</p>



<p class="has-text-align-center has-bright-color has-text-color has-link-color wp-elements-e0a74c05bf82e4b3d677635ac625735f"><br>Maria Marzena Pąchalska, 24 marca 2020</p>



<p></p>
</div><figure class="wp-block-media-text__media"><img decoding="async" width="536" height="718" src="https://galeriasztukiptneur.pl/wp-content/uploads/2023/12/Zrzut-ekranu-2023-12-1-o-14.47.12.png" alt="
" class="wp-image-224 size-full" srcset="https://galeriasztukiptneur.pl/wp-content/uploads/2023/12/Zrzut-ekranu-2023-12-1-o-14.47.12.png 536w, https://galeriasztukiptneur.pl/wp-content/uploads/2023/12/Zrzut-ekranu-2023-12-1-o-14.47.12-224x300.png 224w" sizes="(max-width: 536px) 100vw, 536px" /></figure></div>
</div>
</div>
</div>
</main>

<p>Prof. zw. dr hab. Maria Pąchalska Pozostań w domu Bezdomnej Kasi Nad miastem wielki Zygmunta Dzwonuderzył głośną skargą w niebo,błagalnie zagrzmiał jego ton,struchlały serca gołębiom. Głośniejszy jednak był Kasi szept,która już dość miała cierpieniai poszła w rozpaczy nad rzekędokonać rachunku sumienia. Krakowskich ulic dawny gwarw pustynię zamienił się w moment,a bezmiar głuchej ciszy darłwóz policyjny [&hellip;]</p>
