{"id":202,"date":"2023-12-01T12:52:23","date_gmt":"2023-12-01T12:52:23","guid":{"rendered":"https:\/\/galeriasztukiptneur.pl\/?page_id=202"},"modified":"2023-12-01T14:57:37","modified_gmt":"2023-12-01T14:57:37","slug":"miedzy-rozpacza-a-nadzieja-pielegniarce-z-puszczykowa-walczacej-z-koronawirusem","status":"publish","type":"page","link":"https:\/\/galeriasztukiptneur.pl\/index.php\/miedzy-rozpacza-a-nadzieja-pielegniarce-z-puszczykowa-walczacej-z-koronawirusem\/","title":{"rendered":"Mi\u0119dzy rozpacz\u0105 a nadziej\u0105 Piel\u0119gniarce z Puszczykowa"},"content":{"rendered":"\n<main class=\"wp-block-group is-layout-flow wp-block-group-is-layout-flow\" style=\"padding-top:var(--wp--preset--spacing--50);padding-bottom:0\">\n<div class=\"wp-block-cover alignfull is-light\" style=\"min-height:645px\"><span aria-hidden=\"true\" class=\"wp-block-cover__background has-background-dim-0 has-background-dim\"><\/span><img fetchpriority=\"high\" decoding=\"async\" width=\"1101\" height=\"1004\" class=\"wp-block-cover__image-background wp-image-10\" alt=\"\" src=\"https:\/\/galeriasztukiptneur.pl\/wp-content\/uploads\/2023\/11\/cropped-Autoportet.jpg\" style=\"object-position:46% 19%\" data-object-fit=\"cover\" data-object-position=\"46% 19%\" srcset=\"https:\/\/galeriasztukiptneur.pl\/wp-content\/uploads\/2023\/11\/cropped-Autoportet.jpg 1101w, https:\/\/galeriasztukiptneur.pl\/wp-content\/uploads\/2023\/11\/cropped-Autoportet-300x274.jpg 300w, https:\/\/galeriasztukiptneur.pl\/wp-content\/uploads\/2023\/11\/cropped-Autoportet-1024x934.jpg 1024w, https:\/\/galeriasztukiptneur.pl\/wp-content\/uploads\/2023\/11\/cropped-Autoportet-768x700.jpg 768w, https:\/\/galeriasztukiptneur.pl\/wp-content\/uploads\/2023\/11\/cropped-Autoportet-850x775.jpg 850w\" sizes=\"(max-width: 1101px) 100vw, 1101px\" \/><div class=\"wp-block-cover__inner-container is-layout-flow wp-block-cover-is-layout-flow\">\n<h2 class=\"wp-block-heading has-text-align-center has-bright-color has-text-color has-link-color wp-elements-a431ec930cbe8d7f13874133c93f4505\" style=\"padding-top:0;padding-right:8.7rem;padding-bottom:0;padding-left:8.7rem;font-size:clamp(1.092rem, 1.092rem + ((1vw - 0.2rem) * 1.105), 1.7rem);\">Wirtualna Galeria Sztuki Polskiego Towarzystwa Neuropsychologicznego imienia Profesor Marii P\u0105chalskiej<\/h2>\n<\/div><\/div>\n\n\n\n<div class=\"wp-block-group has-global-padding is-layout-constrained wp-container-core-group-layout-3 wp-block-group-is-layout-constrained\" style=\"padding-top:var(--wp--preset--spacing--60)\">\n<div class=\"wp-block-columns alignwide is-layout-flex wp-container-core-columns-layout-1 wp-block-columns-is-layout-flex\" style=\"padding-bottom:var(--wp--preset--spacing--70)\">\n<div class=\"wp-block-column is-layout-flow wp-block-column-is-layout-flow\" style=\"flex-basis:23.81%\">\n<div class=\"wp-block-group has-background has-global-padding is-layout-constrained wp-container-core-group-layout-1 wp-block-group-is-layout-constrained\" style=\"background-color:#dedede;padding-top:var(--wp--preset--spacing--60);padding-right:0;padding-bottom:var(--wp--preset--spacing--60);padding-left:0\">\n<p class=\"has-text-align-center has-small-font-size\"><strong><a href=\"https:\/\/galeriasztukiptneur.pl\/index.php\/prof-zw-dr-hab-maria-pachalska\/\"><strong>Prof. zw. dr hab. Maria P\u0105chalsk<\/strong>a<\/a><\/strong><\/p>\n<\/div>\n\n\n\n<div class=\"wp-block-group has-background has-global-padding is-layout-constrained wp-container-core-group-layout-2 wp-block-group-is-layout-constrained\" style=\"background-color:#dedede;padding-top:var(--wp--preset--spacing--60);padding-right:var(--wp--preset--spacing--60);padding-bottom:var(--wp--preset--spacing--60);padding-left:var(--wp--preset--spacing--60)\">\n<figure class=\"wp-block-image size-full\"><img decoding=\"async\" width=\"648\" height=\"772\" src=\"https:\/\/galeriasztukiptneur.pl\/wp-content\/uploads\/2023\/11\/Zrzut-ekranu-2023-12-1-o-00.21.08.png\" alt=\"\" class=\"wp-image-15\" srcset=\"https:\/\/galeriasztukiptneur.pl\/wp-content\/uploads\/2023\/11\/Zrzut-ekranu-2023-12-1-o-00.21.08.png 648w, https:\/\/galeriasztukiptneur.pl\/wp-content\/uploads\/2023\/11\/Zrzut-ekranu-2023-12-1-o-00.21.08-252x300.png 252w\" sizes=\"(max-width: 648px) 100vw, 648px\" \/><\/figure>\n\n\n\n<p style=\"margin-top:0;margin-right:0;margin-bottom:0;margin-left:0;padding-right:0;padding-left:0;font-size:clamp(14px, 0.875rem + ((1vw - 3.2px) * 0.227), 16px);\"><br><\/p>\n<\/div>\n<\/div>\n\n\n\n<div class=\"wp-block-column has-bright-color has-cyan-bluish-gray-background-color has-text-color has-background has-link-color wp-elements-45ada625ce2021f610e14c2ca46e48bd is-layout-flow wp-container-core-column-layout-2 wp-block-column-is-layout-flow\" style=\"flex-basis:70%\">\n<p class=\"has-text-align-left\" style=\"padding-top:var(--wp--preset--spacing--40);padding-right:var(--wp--preset--spacing--20);padding-bottom:var(--wp--preset--spacing--40);padding-left:var(--wp--preset--spacing--20)\">                 Mi\u0119dzy rozpacz\u0105 a nadziej\u0105  <\/p>\n\n\n\n<p class=\"has-text-align-left\" style=\"padding-top:0;padding-right:var(--wp--preset--spacing--20);padding-bottom:0;padding-left:var(--wp--preset--spacing--20)\">      Piel\u0119gniarce z Puszczykowa walcz\u0105cej z koronawirusem                                                                                                            <\/p>\n\n\n\n<div class=\"wp-block-media-text has-media-on-the-right is-stacked-on-mobile is-vertically-aligned-top\" style=\"padding-right:var(--wp--preset--spacing--20);padding-left:var(--wp--preset--spacing--20);grid-template-columns:auto 47%\"><div class=\"wp-block-media-text__content\">\n<p style=\"font-size:clamp(14px, 0.875rem + ((1vw - 3.2px) * 0.227), 16px);\">Aniele szpitalnych korytarzy<br>zaraz\u0105 malowanych<br>patronko r\u0105k wyci\u0105gni\u0119tych<br>p\u0142ytkich oddech\u00f3w spieczonych warg<br>rozpalonych twarzy<br>nios\u0142a\u015b och\u0142od\u0119&nbsp; w d\u0142oniach<br>prowadzi\u0142a\u015b w\u0105sk\u0105 \u015bcie\u017ck\u0105 do \u017cycia.<\/p>\n\n\n\n<p style=\"font-size:clamp(14px, 0.875rem + ((1vw - 3.2px) * 0.227), 16px);\">&nbsp;<br>Dzi\u015b ty potrzebujesz pomocy<br>wystrugam ci pogotowie mi\u0142o\u015bci<br>w&nbsp;&nbsp;brzozie&nbsp; p\u0142acz\u0105cej&nbsp; kt\u00f3ra uros\u0142a<br>mi\u0119dzy rozpacz\u0105 a nadziej\u0105<br>niech ci\u0119 zachwyci i uleczy<br>by\u015b zn\u00f3w mog\u0142a na\u0142o\u017cy\u0107 przy\u0142bic\u0119<br>i wzi\u0105\u0107 strach&nbsp; kolejnego zaka\u017conego<br>pod swoje bia\u0142e skrzyd\u0142a.<\/p>\n<\/div><figure class=\"wp-block-media-text__media\"><img decoding=\"async\" width=\"452\" height=\"688\" src=\"https:\/\/galeriasztukiptneur.pl\/wp-content\/uploads\/2023\/12\/Zrzut-ekranu-2023-12-1-o-13.40.20.png\" alt=\"\" class=\"wp-image-203 size-full\" srcset=\"https:\/\/galeriasztukiptneur.pl\/wp-content\/uploads\/2023\/12\/Zrzut-ekranu-2023-12-1-o-13.40.20.png 452w, https:\/\/galeriasztukiptneur.pl\/wp-content\/uploads\/2023\/12\/Zrzut-ekranu-2023-12-1-o-13.40.20-197x300.png 197w\" sizes=\"(max-width: 452px) 100vw, 452px\" \/><\/figure><\/div>\n\n\n\n<p class=\"has-text-align-right\" style=\"font-size:clamp(14px, 0.875rem + ((1vw - 3.2px) * 0.114), 15px);\">Maria Maczkowska, Anio\u0142 Nadziei, 2015, Tempera<\/p>\n\n\n\n<p style=\"margin-right:var(--wp--preset--spacing--30);margin-left:var(--wp--preset--spacing--30)\">      <strong>Maria Marzena P\u0105chalska,&nbsp; 14 marca 2020<\/strong><\/p>\n<\/div>\n<\/div>\n<\/div>\n<\/main>\n","protected":false},"excerpt":{"rendered":"<p>Prof. zw. dr hab. Maria P\u0105chalska Mi\u0119dzy rozpacz\u0105 a nadziej\u0105 Piel\u0119gniarce z Puszczykowa walcz\u0105cej z koronawirusem Aniele szpitalnych korytarzyzaraz\u0105 malowanychpatronko r\u0105k wyci\u0105gni\u0119tychp\u0142ytkich oddech\u00f3w spieczonych wargrozpalonych twarzynios\u0142a\u015b och\u0142od\u0119&nbsp; w d\u0142oniachprowadzi\u0142a\u015b w\u0105sk\u0105 \u015bcie\u017ck\u0105 do \u017cycia. &nbsp;Dzi\u015b ty potrzebujesz pomocywystrugam ci pogotowie mi\u0142o\u015bciw&nbsp;&nbsp;brzozie&nbsp; p\u0142acz\u0105cej&nbsp; kt\u00f3ra uros\u0142ami\u0119dzy rozpacz\u0105 a nadziej\u0105niech ci\u0119 zachwyci i uleczyby\u015b zn\u00f3w mog\u0142a na\u0142o\u017cy\u0107 przy\u0142bic\u0119i wzi\u0105\u0107 [&hellip;]<\/p>\n","protected":false},"author":1,"featured_media":0,"parent":0,"menu_order":0,"comment_status":"closed","ping_status":"closed","template":"","meta":{"_editorskit_title_hidden":false,"_editorskit_reading_time":0,"_editorskit_is_block_options_detached":false,"_editorskit_block_options_position":"{}","footnotes":""},"_links":{"self":[{"href":"https:\/\/galeriasztukiptneur.pl\/index.php\/wp-json\/wp\/v2\/pages\/202"}],"collection":[{"href":"https:\/\/galeriasztukiptneur.pl\/index.php\/wp-json\/wp\/v2\/pages"}],"about":[{"href":"https:\/\/galeriasztukiptneur.pl\/index.php\/wp-json\/wp\/v2\/types\/page"}],"author":[{"embeddable":true,"href":"https:\/\/galeriasztukiptneur.pl\/index.php\/wp-json\/wp\/v2\/users\/1"}],"replies":[{"embeddable":true,"href":"https:\/\/galeriasztukiptneur.pl\/index.php\/wp-json\/wp\/v2\/comments?post=202"}],"version-history":[{"count":10,"href":"https:\/\/galeriasztukiptneur.pl\/index.php\/wp-json\/wp\/v2\/pages\/202\/revisions"}],"predecessor-version":[{"id":254,"href":"https:\/\/galeriasztukiptneur.pl\/index.php\/wp-json\/wp\/v2\/pages\/202\/revisions\/254"}],"wp:attachment":[{"href":"https:\/\/galeriasztukiptneur.pl\/index.php\/wp-json\/wp\/v2\/media?parent=202"}],"curies":[{"name":"wp","href":"https:\/\/api.w.org\/{rel}","templated":true}]}}

Między rozpaczą a nadzieją Pielęgniarce z Puszczykowa

<main class="wp-block-group is-layout-flow wp-block-group-is-layout-flow" style="padding-top:var(--wp--preset--spacing--50);padding-bottom:0">
<div class="wp-block-cover alignfull is-light" style="min-height:645px"><span aria-hidden="true" class="wp-block-cover__background has-background-dim-0 has-background-dim"></span><img fetchpriority="high" decoding="async" width="1101" height="1004" class="wp-block-cover__image-background wp-image-10" alt="" src="https://galeriasztukiptneur.pl/wp-content/uploads/2023/11/cropped-Autoportet.jpg" style="object-position:46% 19%" data-object-fit="cover" data-object-position="46% 19%" srcset="https://galeriasztukiptneur.pl/wp-content/uploads/2023/11/cropped-Autoportet.jpg 1101w, https://galeriasztukiptneur.pl/wp-content/uploads/2023/11/cropped-Autoportet-300x274.jpg 300w, https://galeriasztukiptneur.pl/wp-content/uploads/2023/11/cropped-Autoportet-1024x934.jpg 1024w, https://galeriasztukiptneur.pl/wp-content/uploads/2023/11/cropped-Autoportet-768x700.jpg 768w, https://galeriasztukiptneur.pl/wp-content/uploads/2023/11/cropped-Autoportet-850x775.jpg 850w" sizes="(max-width: 1101px) 100vw, 1101px" /><div class="wp-block-cover__inner-container is-layout-flow wp-block-cover-is-layout-flow">
<h2 class="wp-block-heading has-text-align-center has-bright-color has-text-color has-link-color wp-elements-a431ec930cbe8d7f13874133c93f4505" style="padding-top:0;padding-right:8.7rem;padding-bottom:0;padding-left:8.7rem;font-size:clamp(1.092rem, 1.092rem + ((1vw - 0.2rem) * 1.105), 1.7rem);">Wirtualna Galeria Sztuki Polskiego Towarzystwa Neuropsychologicznego imienia Profesor Marii Pąchalskiej</h2>
</div></div>



<div class="wp-block-group has-global-padding is-layout-constrained wp-container-core-group-layout-3 wp-block-group-is-layout-constrained" style="padding-top:var(--wp--preset--spacing--60)">
<div class="wp-block-columns alignwide is-layout-flex wp-container-core-columns-layout-1 wp-block-columns-is-layout-flex" style="padding-bottom:var(--wp--preset--spacing--70)">
<div class="wp-block-column is-layout-flow wp-block-column-is-layout-flow" style="flex-basis:23.81%">
<div class="wp-block-group has-background has-global-padding is-layout-constrained wp-container-core-group-layout-1 wp-block-group-is-layout-constrained" style="background-color:#dedede;padding-top:var(--wp--preset--spacing--60);padding-right:0;padding-bottom:var(--wp--preset--spacing--60);padding-left:0">
<p class="has-text-align-center has-small-font-size"><strong><a href="https://galeriasztukiptneur.pl/index.php/prof-zw-dr-hab-maria-pachalska/"><strong>Prof. zw. dr hab. Maria Pąchalsk</strong>a</a></strong></p>
</div>



<div class="wp-block-group has-background has-global-padding is-layout-constrained wp-container-core-group-layout-2 wp-block-group-is-layout-constrained" style="background-color:#dedede;padding-top:var(--wp--preset--spacing--60);padding-right:var(--wp--preset--spacing--60);padding-bottom:var(--wp--preset--spacing--60);padding-left:var(--wp--preset--spacing--60)">
<figure class="wp-block-image size-full"><img decoding="async" width="648" height="772" src="https://galeriasztukiptneur.pl/wp-content/uploads/2023/11/Zrzut-ekranu-2023-12-1-o-00.21.08.png" alt="" class="wp-image-15" srcset="https://galeriasztukiptneur.pl/wp-content/uploads/2023/11/Zrzut-ekranu-2023-12-1-o-00.21.08.png 648w, https://galeriasztukiptneur.pl/wp-content/uploads/2023/11/Zrzut-ekranu-2023-12-1-o-00.21.08-252x300.png 252w" sizes="(max-width: 648px) 100vw, 648px" /></figure>



<p style="margin-top:0;margin-right:0;margin-bottom:0;margin-left:0;padding-right:0;padding-left:0;font-size:clamp(14px, 0.875rem + ((1vw - 3.2px) * 0.227), 16px);"><br></p>
</div>
</div>



<div class="wp-block-column has-bright-color has-cyan-bluish-gray-background-color has-text-color has-background has-link-color wp-elements-45ada625ce2021f610e14c2ca46e48bd is-layout-flow wp-container-core-column-layout-2 wp-block-column-is-layout-flow" style="flex-basis:70%">
<p class="has-text-align-left" style="padding-top:var(--wp--preset--spacing--40);padding-right:var(--wp--preset--spacing--20);padding-bottom:var(--wp--preset--spacing--40);padding-left:var(--wp--preset--spacing--20)">                 Między rozpaczą a nadzieją  </p>



<p class="has-text-align-left" style="padding-top:0;padding-right:var(--wp--preset--spacing--20);padding-bottom:0;padding-left:var(--wp--preset--spacing--20)">      Pielęgniarce z Puszczykowa walczącej z koronawirusem                                                                                                            </p>



<div class="wp-block-media-text has-media-on-the-right is-stacked-on-mobile is-vertically-aligned-top" style="padding-right:var(--wp--preset--spacing--20);padding-left:var(--wp--preset--spacing--20);grid-template-columns:auto 47%"><div class="wp-block-media-text__content">
<p style="font-size:clamp(14px, 0.875rem + ((1vw - 3.2px) * 0.227), 16px);">Aniele szpitalnych korytarzy<br>zarazą malowanych<br>patronko rąk wyciągniętych<br>płytkich oddechów spieczonych warg<br>rozpalonych twarzy<br>niosłaś ochłodę&nbsp; w dłoniach<br>prowadziłaś wąską ścieżką do życia.</p>



<p style="font-size:clamp(14px, 0.875rem + ((1vw - 3.2px) * 0.227), 16px);">&nbsp;<br>Dziś ty potrzebujesz pomocy<br>wystrugam ci pogotowie miłości<br>w&nbsp;&nbsp;brzozie&nbsp; płaczącej&nbsp; która urosła<br>między rozpaczą a nadzieją<br>niech cię zachwyci i uleczy<br>byś znów mogła nałożyć przyłbicę<br>i wziąć strach&nbsp; kolejnego zakażonego<br>pod swoje białe skrzydła.</p>
</div><figure class="wp-block-media-text__media"><img decoding="async" width="452" height="688" src="https://galeriasztukiptneur.pl/wp-content/uploads/2023/12/Zrzut-ekranu-2023-12-1-o-13.40.20.png" alt="" class="wp-image-203 size-full" srcset="https://galeriasztukiptneur.pl/wp-content/uploads/2023/12/Zrzut-ekranu-2023-12-1-o-13.40.20.png 452w, https://galeriasztukiptneur.pl/wp-content/uploads/2023/12/Zrzut-ekranu-2023-12-1-o-13.40.20-197x300.png 197w" sizes="(max-width: 452px) 100vw, 452px" /></figure></div>



<p class="has-text-align-right" style="font-size:clamp(14px, 0.875rem + ((1vw - 3.2px) * 0.114), 15px);">Maria Maczkowska, Anioł Nadziei, 2015, Tempera</p>



<p style="margin-right:var(--wp--preset--spacing--30);margin-left:var(--wp--preset--spacing--30)">      <strong>Maria Marzena Pąchalska,&nbsp; 14 marca 2020</strong></p>
</div>
</div>
</div>
</main>

<p>Prof. zw. dr hab. Maria Pąchalska Między rozpaczą a nadzieją Pielęgniarce z Puszczykowa walczącej z koronawirusem Aniele szpitalnych korytarzyzarazą malowanychpatronko rąk wyciągniętychpłytkich oddechów spieczonych wargrozpalonych twarzyniosłaś ochłodę&nbsp; w dłoniachprowadziłaś wąską ścieżką do życia. &nbsp;Dziś ty potrzebujesz pomocywystrugam ci pogotowie miłościw&nbsp;&nbsp;brzozie&nbsp; płaczącej&nbsp; która urosłamiędzy rozpaczą a nadziejąniech cię zachwyci i uleczybyś znów mogła nałożyć przyłbicęi wziąć [&hellip;]</p>
